{"id":590,"date":"2025-04-16T15:51:11","date_gmt":"2025-04-16T13:51:11","guid":{"rendered":"https:\/\/www.eur-org.it\/?page_id=590"},"modified":"2025-04-22T09:52:33","modified_gmt":"2025-04-22T07:52:33","slug":"590-2","status":"publish","type":"page","link":"https:\/\/www.eur-org.it\/?page_id=590","title":{"rendered":"Roberto Riccio"},"content":{"rendered":"\n[et_pb_section fb_built=&#8221;1&#8243; admin_label=&#8221;Page Header&#8221; _builder_version=&#8221;4.16&#8243; background_color=&#8221;#f3f4e6&#8243; background_image=&#8221;https:\/\/www.eur-org.it\/impresalirica\/wp-content\/uploads\/2021\/08\/circle-background-pattern.png&#8221; custom_padding=&#8221;17px|0px|13.2px|0px|false|false&#8221; animation_style=&#8221;zoom&#8221; animation_intensity_zoom=&#8221;4%&#8221; global_colors_info=&#8221;{}&#8221; theme_builder_area=&#8221;post_content&#8221;][et_pb_row _builder_version=&#8221;4.16&#8243; background_size=&#8221;initial&#8221; background_position=&#8221;top_left&#8221; background_repeat=&#8221;repeat&#8221; custom_padding=&#8221;||5px|||&#8221; animation_style=&#8221;slide&#8221; animation_direction=&#8221;top&#8221; animation_intensity_slide=&#8221;3%&#8221; global_colors_info=&#8221;{}&#8221; theme_builder_area=&#8221;post_content&#8221;][et_pb_column type=&#8221;4_4&#8243; _builder_version=&#8221;4.16&#8243; custom_padding=&#8221;|||&#8221; global_colors_info=&#8221;{}&#8221; custom_padding__hover=&#8221;|||&#8221; theme_builder_area=&#8221;post_content&#8221;][et_pb_text _builder_version=&#8221;4.27.4&#8243; text_font=&#8221;||||||||&#8221; header_font=&#8221;Akshar|700||on|||||dotted&#8221; header_text_color=&#8221;#353740&#8243; header_font_size=&#8221;60px&#8221; header_line_height=&#8221;1.3em&#8221; background_size=&#8221;initial&#8221; background_position=&#8221;top_left&#8221; background_repeat=&#8221;repeat&#8221; custom_margin=&#8221;||-1px|||&#8221; animation_style=&#8221;fade&#8221; header_font_size_last_edited=&#8221;off|desktop&#8221; locked=&#8221;off&#8221; global_colors_info=&#8221;{}&#8221; theme_builder_area=&#8221;post_content&#8221;]<h1>Roberto Riccio<\/h1>[\/et_pb_text][et_pb_divider show_divider=&#8221;off&#8221; disabled_on=&#8221;on|on|off&#8221; _builder_version=&#8221;4.16&#8243; max_width=&#8221;120px&#8221; animation_style=&#8221;slide&#8221; animation_direction=&#8221;top&#8221; animation_intensity_slide=&#8221;30%&#8221; global_colors_info=&#8221;{}&#8221; theme_builder_area=&#8221;post_content&#8221;][\/et_pb_divider][\/et_pb_column][\/et_pb_row][\/et_pb_section][et_pb_section fb_built=&#8221;1&#8243; admin_label=&#8221;About Us Section&#8221; _builder_version=&#8221;4.16&#8243; background_enable_color=&#8221;off&#8221; background_image=&#8221;https:\/\/www.eur-org.it\/impresalirica\/wp-content\/uploads\/2021\/08\/slide4.jpg&#8221; width=&#8221;100%&#8221; custom_margin=&#8221;|5%||0%||&#8221; custom_margin_tablet=&#8221;&#8221; custom_margin_phone=&#8221;|0px||0px&#8221; custom_margin_last_edited=&#8221;on|phone&#8221; custom_padding=&#8221;3.5%|||||&#8221; animation_style=&#8221;zoom&#8221; animation_direction=&#8221;top&#8221; animation_intensity_zoom=&#8221;5%&#8221; box_shadow_style=&#8221;preset7&#8243; box_shadow_horizontal=&#8221;0px&#8221; box_shadow_vertical=&#8221;-200px&#8221; box_shadow_color=&#8221;#ffffff&#8221; collapsed=&#8221;on&#8221; global_colors_info=&#8221;{}&#8221; theme_builder_area=&#8221;post_content&#8221;][et_pb_row column_structure=&#8221;2_3,1_3&#8243; admin_label=&#8221;About Us Area&#8221; _builder_version=&#8221;4.16&#8243; background_size=&#8221;initial&#8221; background_position=&#8221;top_left&#8221; background_repeat=&#8221;repeat&#8221; custom_padding=&#8221;27px|0px|0px|0px&#8221; global_colors_info=&#8221;{}&#8221; theme_builder_area=&#8221;post_content&#8221;][et_pb_column type=&#8221;2_3&#8243; _builder_version=&#8221;4.16&#8243; custom_padding=&#8221;|||&#8221; global_colors_info=&#8221;{}&#8221; custom_padding__hover=&#8221;|||&#8221; theme_builder_area=&#8221;post_content&#8221;][et_pb_text admin_label=&#8221;Title&#8221; _builder_version=&#8221;4.27.4&#8243; text_font=&#8221;||||||||&#8221; text_text_color=&#8221;#747d88&#8243; text_font_size=&#8221;16px&#8221; text_line_height=&#8221;1.9em&#8221; header_font=&#8221;||||||||&#8221; header_text_align=&#8221;left&#8221; header_2_font=&#8221;Montserrat|700||on|||||&#8221; header_2_font_size=&#8221;42px&#8221; header_2_line_height=&#8221;1.3em&#8221; background_color=&#8221;#f7f7f7&#8243; background_size=&#8221;initial&#8221; background_position=&#8221;top_left&#8221; background_repeat=&#8221;repeat&#8221; max_width=&#8221;700px&#8221; module_alignment=&#8221;left&#8221; custom_margin=&#8221;|||&#8221; custom_padding=&#8221;10%|10%|4.6%|10%||&#8221; animation_style=&#8221;slide&#8221; animation_direction=&#8221;bottom&#8221; animation_intensity_slide=&#8221;4%&#8221; animation_starting_opacity=&#8221;100%&#8221; box_shadow_style=&#8221;preset1&#8243; box_shadow_vertical=&#8221;15px&#8221; box_shadow_blur=&#8221;45px&#8221; box_shadow_color=&#8221;rgba(0,0,0,0.15)&#8221; locked=&#8221;off&#8221; global_colors_info=&#8221;{}&#8221; theme_builder_area=&#8221;post_content&#8221;]<h2>CUriculum Vitae<\/h2>\n<p align=\"justify\">Titoli di Studio:<br \/>Maturit\u00e0 Liceo Artistico Musicale<br \/>Diploma di Corno<br \/>Master in Arte del Teatro<\/p>\n<p align=\"justify\">Attivit\u00e0 Artistica:<br \/>Dal 1979 al 1980 I \u00b0 Corno dell\u2019Ente AIDEM di Firenze<br \/>Dal 1980 al 1981 I \u00b0 Corno dell\u2019 Orchestra Regionale Toscana<br \/>Dal 1982 al 1986 I \u00b0 Corno dell\u2019Orchestra Nova AIDEM<br \/>Dal 1987 al 1995 I\u00b0 Corno dell\u2019Orchestra Sinfonica EUR<\/p>\n<p align=\"justify\">Ha anche collaborato saltuariamente, come cornista, con altri Enti e Orchestre (tra cui il\u00a0<strong>Maggio Musicale Fiorentino<\/strong>\u00a0e\u00a0<strong>l&#8217;Orchestra Filarmonica Marchigiana<\/strong>).<br \/>Ha diretto orchestre in occasione di produzioni Liriche, Sinfoniche, e di Balletto.<\/p>\n<p align=\"justify\">Attivit\u00e0 didattica:<br \/>Docente di Corno presso Conservatori Statali ininterrottamente dal 1979 al 2020 (Firenze, Bologna, Pesaro, Rovigo) e nominato per 8 volte Commissario Governativo presso Istituti Musicali Pareggiati.<br \/>Dall&#8217; A.A. 2004-05 inoltre \u00e8 stato docente di &#8220;Organizazione, Diritto e Legislazione dello Spettacolo&#8221;, corso inserito nell&#8217;ambito dell&#8217;offerta formativa per il Biennio Specialistico dei Conservatori di Firenze, Cagliari e Pesaro.<\/p>\n<p>Attivit\u00e0 Organizzativa:<br \/>Componente del C.d.A. della Societ\u00e0 Concertistica &#8220;Nova Aidem&#8221; dal 1982 al 1986 e della Impresa Lirica C.I.E.R.A.L. dal 1983 al 1985.<br \/>Socio Fondatore e Presidente del C.d.A. della &#8220;Organizzazione Eur&#8221; dal 1989 al 2025.<\/p>\n<p>Varie:<br \/>Per 3 anni \u00e8 stato incaricato dalla Commissione Europea di svolgere studi nell&#8217;ambito del Progetto ERASMUS (equipollenza dei titoli di studio e organizzazione di scambi tra Istituzioni musicali Europee)<br \/>Ha fatto parte del Comitato di Coordinamento del &#8220;Corso superiore per la qualificazione professionale di professori d&#8217;orchestra&#8221; 1999 gestito dall&#8217;Ente Luglio Musicale Trapanese e autorizzato dal Ministero del Lavoro.<br \/>Ha preso parte a giurie di concorsi di esecuzione musicale nazionali e internazionali, sia in Italia che all&#8217;estero, ed anche in qualit\u00e0 di Presidente, nonch\u00e8 membro della commissione valutatrice per l&#8217;idoneit\u00e0 degli strumentisti della Banda Nazionale della Guardia di Finanza.<\/p>\n<p>Nel mese di dicembre 2020 il Presidente della Repubblica gli ha conferito l&#8217;onorificenza di &#8220;Cavaliere al merito della Repubblica Italiana&#8221;<\/p>\n<p>Per informazioni, programmi e preventivi:\u00a0<a href=\"mailto:info@eur-org.it\">info@eur-org.it<\/a><\/p>[\/et_pb_text][\/et_pb_column][et_pb_column type=&#8221;1_3&#8243; _builder_version=&#8221;4.16&#8243; custom_padding=&#8221;|||&#8221; global_colors_info=&#8221;{}&#8221; custom_padding__hover=&#8221;|||&#8221; theme_builder_area=&#8221;post_content&#8221;][\/et_pb_column][\/et_pb_row][\/et_pb_section]\n","protected":false},"excerpt":{"rendered":"<p>Roberto RiccioCUriculum Vitae Titoli di Studio:Maturit\u00e0 Liceo Artistico MusicaleDiploma di CornoMaster in Arte del Teatro Attivit\u00e0 Artistica:Dal 1979 al 1980 I \u00b0 Corno dell\u2019Ente AIDEM di FirenzeDal 1980 al 1981 I \u00b0 Corno dell\u2019 Orchestra Regionale ToscanaDal 1982 al 1986 I \u00b0 Corno dell\u2019Orchestra Nova AIDEMDal 1987 al 1995 I\u00b0 Corno dell\u2019Orchestra Sinfonica EUR Ha [&hellip;]<\/p>\n","protected":false},"author":1,"featured_media":0,"parent":0,"menu_order":0,"comment_status":"closed","ping_status":"closed","template":"","meta":{"_et_pb_use_builder":"on","_et_pb_old_content":"","_et_gb_content_width":""},"_links":{"self":[{"href":"https:\/\/www.eur-org.it\/index.php?rest_route=\/wp\/v2\/pages\/590"}],"collection":[{"href":"https:\/\/www.eur-org.it\/index.php?rest_route=\/wp\/v2\/pages"}],"about":[{"href":"https:\/\/www.eur-org.it\/index.php?rest_route=\/wp\/v2\/types\/page"}],"author":[{"embeddable":true,"href":"https:\/\/www.eur-org.it\/index.php?rest_route=\/wp\/v2\/users\/1"}],"replies":[{"embeddable":true,"href":"https:\/\/www.eur-org.it\/index.php?rest_route=%2Fwp%2Fv2%2Fcomments&post=590"}],"version-history":[{"count":3,"href":"https:\/\/www.eur-org.it\/index.php?rest_route=\/wp\/v2\/pages\/590\/revisions"}],"predecessor-version":[{"id":609,"href":"https:\/\/www.eur-org.it\/index.php?rest_route=\/wp\/v2\/pages\/590\/revisions\/609"}],"wp:attachment":[{"href":"https:\/\/www.eur-org.it\/index.php?rest_route=%2Fwp%2Fv2%2Fmedia&parent=590"}],"curies":[{"name":"wp","href":"https:\/\/api.w.org\/{rel}","templated":true}]}}

[et_pb_section fb_built=&#8221;1&#8243; admin_label=&#8221;Page Header&#8221; _builder_version=&#8221;4.16&#8243; background_color=&#8221;#f3f4e6&#8243; background_image=&#8221;https://www.eur-org.it/impresalirica/wp-content/uploads/2021/08/circle-background-pattern.png&#8221; custom_padding=&#8221;17px|0px|13.2px|0px|false|false&#8221; animation_style=&#8221;zoom&#8221; animation_intensity_zoom=&#8221;4%&#8221; global_colors_info=&#8221;{}&#8221; theme_builder_area=&#8221;post_content&#8221;][et_pb_row _builder_version=&#8221;4.16&#8243; background_size=&#8221;initial&#8221; background_position=&#8221;top_left&#8221; background_repeat=&#8221;repeat&#8221; custom_padding=&#8221;||5px|||&#8221; animation_style=&#8221;slide&#8221; animation_direction=&#8221;top&#8221; animation_intensity_slide=&#8221;3%&#8221; global_colors_info=&#8221;{}&#8221; theme_builder_area=&#8221;post_content&#8221;][et_pb_column type=&#8221;4_4&#8243; _builder_version=&#8221;4.16&#8243; custom_padding=&#8221;|||&#8221; global_colors_info=&#8221;{}&#8221; custom_padding__hover=&#8221;|||&#8221; theme_builder_area=&#8221;post_content&#8221;][et_pb_text _builder_version=&#8221;4.27.4&#8243; text_font=&#8221;||||||||&#8221; header_font=&#8221;Akshar|700||on|||||dotted&#8221; header_text_color=&#8221;#353740&#8243; header_font_size=&#8221;60px&#8221; header_line_height=&#8221;1.3em&#8221; background_size=&#8221;initial&#8221; background_position=&#8221;top_left&#8221; background_repeat=&#8221;repeat&#8221; custom_margin=&#8221;||-1px|||&#8221; animation_style=&#8221;fade&#8221; header_font_size_last_edited=&#8221;off|desktop&#8221; locked=&#8221;off&#8221; global_colors_info=&#8221;{}&#8221; theme_builder_area=&#8221;post_content&#8221;]<h1>Roberto Riccio</h1>[/et_pb_text][et_pb_divider show_divider=&#8221;off&#8221; disabled_on=&#8221;on|on|off&#8221; _builder_version=&#8221;4.16&#8243; max_width=&#8221;120px&#8221; animation_style=&#8221;slide&#8221; animation_direction=&#8221;top&#8221; animation_intensity_slide=&#8221;30%&#8221; global_colors_info=&#8221;{}&#8221; theme_builder_area=&#8221;post_content&#8221;][/et_pb_divider][/et_pb_column][/et_pb_row][/et_pb_section][et_pb_section fb_built=&#8221;1&#8243; admin_label=&#8221;About Us Section&#8221; _builder_version=&#8221;4.16&#8243; background_enable_color=&#8221;off&#8221; background_image=&#8221;https://www.eur-org.it/impresalirica/wp-content/uploads/2021/08/slide4.jpg&#8221; width=&#8221;100%&#8221; custom_margin=&#8221;|5%||0%||&#8221; custom_margin_tablet=&#8221;&#8221; custom_margin_phone=&#8221;|0px||0px&#8221; custom_margin_last_edited=&#8221;on|phone&#8221; custom_padding=&#8221;3.5%|||||&#8221; animation_style=&#8221;zoom&#8221; animation_direction=&#8221;top&#8221; animation_intensity_zoom=&#8221;5%&#8221; box_shadow_style=&#8221;preset7&#8243; box_shadow_horizontal=&#8221;0px&#8221; box_shadow_vertical=&#8221;-200px&#8221; box_shadow_color=&#8221;#ffffff&#8221; collapsed=&#8221;on&#8221; global_colors_info=&#8221;{}&#8221; theme_builder_area=&#8221;post_content&#8221;][et_pb_row column_structure=&#8221;2_3,1_3&#8243; admin_label=&#8221;About Us Area&#8221; _builder_version=&#8221;4.16&#8243; background_size=&#8221;initial&#8221; background_position=&#8221;top_left&#8221; background_repeat=&#8221;repeat&#8221; custom_padding=&#8221;27px|0px|0px|0px&#8221; global_colors_info=&#8221;{}&#8221; theme_builder_area=&#8221;post_content&#8221;][et_pb_column type=&#8221;2_3&#8243; _builder_version=&#8221;4.16&#8243; custom_padding=&#8221;|||&#8221; global_colors_info=&#8221;{}&#8221; custom_padding__hover=&#8221;|||&#8221; theme_builder_area=&#8221;post_content&#8221;][et_pb_text admin_label=&#8221;Title&#8221; _builder_version=&#8221;4.27.4&#8243; text_font=&#8221;||||||||&#8221; text_text_color=&#8221;#747d88&#8243; text_font_size=&#8221;16px&#8221; text_line_height=&#8221;1.9em&#8221; header_font=&#8221;||||||||&#8221; header_text_align=&#8221;left&#8221; header_2_font=&#8221;Montserrat|700||on|||||&#8221; header_2_font_size=&#8221;42px&#8221; header_2_line_height=&#8221;1.3em&#8221; background_color=&#8221;#f7f7f7&#8243; background_size=&#8221;initial&#8221; background_position=&#8221;top_left&#8221; background_repeat=&#8221;repeat&#8221; max_width=&#8221;700px&#8221; module_alignment=&#8221;left&#8221; custom_margin=&#8221;|||&#8221; custom_padding=&#8221;10%|10%|4.6%|10%||&#8221; animation_style=&#8221;slide&#8221; animation_direction=&#8221;bottom&#8221; animation_intensity_slide=&#8221;4%&#8221; animation_starting_opacity=&#8221;100%&#8221; box_shadow_style=&#8221;preset1&#8243; box_shadow_vertical=&#8221;15px&#8221; box_shadow_blur=&#8221;45px&#8221; box_shadow_color=&#8221;rgba(0,0,0,0.15)&#8221; locked=&#8221;off&#8221; global_colors_info=&#8221;{}&#8221; theme_builder_area=&#8221;post_content&#8221;]<h2>CUriculum Vitae</h2>
<p align="justify">Titoli di Studio:<br />Maturità Liceo Artistico Musicale<br />Diploma di Corno<br />Master in Arte del Teatro</p>
<p align="justify">Attività Artistica:<br />Dal 1979 al 1980 I ° Corno dell’Ente AIDEM di Firenze<br />Dal 1980 al 1981 I ° Corno dell’ Orchestra Regionale Toscana<br />Dal 1982 al 1986 I ° Corno dell’Orchestra Nova AIDEM<br />Dal 1987 al 1995 I° Corno dell’Orchestra Sinfonica EUR</p>
<p align="justify">Ha anche collaborato saltuariamente, come cornista, con altri Enti e Orchestre (tra cui il <strong>Maggio Musicale Fiorentino</strong> e <strong>l&#8217;Orchestra Filarmonica Marchigiana</strong>).<br />Ha diretto orchestre in occasione di produzioni Liriche, Sinfoniche, e di Balletto.</p>
<p align="justify">Attività didattica:<br />Docente di Corno presso Conservatori Statali ininterrottamente dal 1979 al 2020 (Firenze, Bologna, Pesaro, Rovigo) e nominato per 8 volte Commissario Governativo presso Istituti Musicali Pareggiati.<br />Dall&#8217; A.A. 2004-05 inoltre è stato docente di &#8220;Organizazione, Diritto e Legislazione dello Spettacolo&#8221;, corso inserito nell&#8217;ambito dell&#8217;offerta formativa per il Biennio Specialistico dei Conservatori di Firenze, Cagliari e Pesaro.</p>
<p>Attività Organizzativa:<br />Componente del C.d.A. della Società Concertistica &#8220;Nova Aidem&#8221; dal 1982 al 1986 e della Impresa Lirica C.I.E.R.A.L. dal 1983 al 1985.<br />Socio Fondatore e Presidente del C.d.A. della &#8220;Organizzazione Eur&#8221; dal 1989 al 2025.</p>
<p>Varie:<br />Per 3 anni è stato incaricato dalla Commissione Europea di svolgere studi nell&#8217;ambito del Progetto ERASMUS (equipollenza dei titoli di studio e organizzazione di scambi tra Istituzioni musicali Europee)<br />Ha fatto parte del Comitato di Coordinamento del &#8220;Corso superiore per la qualificazione professionale di professori d&#8217;orchestra&#8221; 1999 gestito dall&#8217;Ente Luglio Musicale Trapanese e autorizzato dal Ministero del Lavoro.<br />Ha preso parte a giurie di concorsi di esecuzione musicale nazionali e internazionali, sia in Italia che all&#8217;estero, ed anche in qualità di Presidente, nonchè membro della commissione valutatrice per l&#8217;idoneità degli strumentisti della Banda Nazionale della Guardia di Finanza.</p>
<p>Nel mese di dicembre 2020 il Presidente della Repubblica gli ha conferito l&#8217;onorificenza di &#8220;Cavaliere al merito della Repubblica Italiana&#8221;</p>
<p>Per informazioni, programmi e preventivi: <a href="mailto:info@eur-org.it">info@eur-org.it</a></p>[/et_pb_text][/et_pb_column][et_pb_column type=&#8221;1_3&#8243; _builder_version=&#8221;4.16&#8243; custom_padding=&#8221;|||&#8221; global_colors_info=&#8221;{}&#8221; custom_padding__hover=&#8221;|||&#8221; theme_builder_area=&#8221;post_content&#8221;][/et_pb_column][/et_pb_row][/et_pb_section]

<p>Roberto RiccioCUriculum Vitae Titoli di Studio:Maturità Liceo Artistico MusicaleDiploma di CornoMaster in Arte del Teatro Attività Artistica:Dal 1979 al 1980 I ° Corno dell’Ente AIDEM di FirenzeDal 1980 al 1981 I ° Corno dell’ Orchestra Regionale ToscanaDal 1982 al 1986 I ° Corno dell’Orchestra Nova AIDEMDal 1987 al 1995 I° Corno dell’Orchestra Sinfonica EUR Ha [&hellip;]</p>
