{"id":102,"date":"2021-08-27T12:49:20","date_gmt":"2021-08-27T10:49:20","guid":{"rendered":"https:\/\/www.eur-org.it\/impresalirica\/?page_id=102"},"modified":"2024-12-05T20:54:59","modified_gmt":"2024-12-05T19:54:59","slug":"corsi-propedeutici","status":"publish","type":"page","link":"https:\/\/www.eur-org.it\/?page_id=102","title":{"rendered":"Corsi Propedeutici"},"content":{"rendered":"<p>[et_pb_section fb_built=&#8221;1&#8243; admin_label=&#8221;Page Header&#8221; _builder_version=&#8221;4.16&#8243; background_color=&#8221;#f3f4e6&#8243; background_image=&#8221;https:\/\/www.eur-org.it\/impresalirica\/wp-content\/uploads\/2021\/08\/circle-background-pattern.png&#8221; custom_padding=&#8221;17px|0px|13.2px|0px|false|false&#8221; animation_style=&#8221;zoom&#8221; animation_intensity_zoom=&#8221;4%&#8221; global_colors_info=&#8221;{}&#8221;][et_pb_row _builder_version=&#8221;4.16&#8243; background_size=&#8221;initial&#8221; background_position=&#8221;top_left&#8221; background_repeat=&#8221;repeat&#8221; custom_padding=&#8221;||5px|||&#8221; animation_style=&#8221;slide&#8221; animation_direction=&#8221;top&#8221; animation_intensity_slide=&#8221;3%&#8221; global_colors_info=&#8221;{}&#8221;][et_pb_column type=&#8221;4_4&#8243; _builder_version=&#8221;4.16&#8243; custom_padding=&#8221;|||&#8221; global_colors_info=&#8221;{}&#8221; custom_padding__hover=&#8221;|||&#8221;][et_pb_text _builder_version=&#8221;4.27.4&#8243; text_font=&#8221;Akshar||||||||&#8221; header_font=&#8221;Akshar|700||on|||||dotted&#8221; header_text_color=&#8221;#353740&#8243; header_font_size=&#8221;60px&#8221; header_line_height=&#8221;1.3em&#8221; background_size=&#8221;initial&#8221; background_position=&#8221;top_left&#8221; background_repeat=&#8221;repeat&#8221; custom_margin=&#8221;||-1px|||&#8221; animation_style=&#8221;fade&#8221; header_font_size_last_edited=&#8221;off|desktop&#8221; locked=&#8221;off&#8221; global_colors_info=&#8221;{}&#8221;]<\/p>\n<h1>\u00a0corsi propedeutici<\/h1>\n<p>[\/et_pb_text][et_pb_divider show_divider=&#8221;off&#8221; disabled_on=&#8221;on|on|off&#8221; _builder_version=&#8221;4.16&#8243; max_width=&#8221;120px&#8221; animation_style=&#8221;slide&#8221; animation_direction=&#8221;top&#8221; animation_intensity_slide=&#8221;30%&#8221; global_colors_info=&#8221;{}&#8221;][\/et_pb_divider][\/et_pb_column][\/et_pb_row][\/et_pb_section][et_pb_section fb_built=&#8221;1&#8243; admin_label=&#8221;About Us Section&#8221; _builder_version=&#8221;4.16&#8243; background_enable_color=&#8221;off&#8221; background_image=&#8221;https:\/\/www.eur-org.it\/impresalirica\/wp-content\/uploads\/2021\/08\/slide4.jpg&#8221; width=&#8221;100%&#8221; custom_margin=&#8221;|5%||0%||&#8221; custom_margin_tablet=&#8221;&#8221; custom_margin_phone=&#8221;|0px||0px&#8221; custom_margin_last_edited=&#8221;on|phone&#8221; custom_padding=&#8221;10%|||&#8221; animation_style=&#8221;zoom&#8221; animation_direction=&#8221;top&#8221; animation_intensity_zoom=&#8221;5%&#8221; box_shadow_style=&#8221;preset7&#8243; box_shadow_horizontal=&#8221;0px&#8221; box_shadow_vertical=&#8221;-200px&#8221; box_shadow_color=&#8221;#ffffff&#8221; collapsed=&#8221;on&#8221; global_colors_info=&#8221;{}&#8221;][et_pb_row column_structure=&#8221;2_3,1_3&#8243; admin_label=&#8221;About Us Area&#8221; _builder_version=&#8221;4.16&#8243; background_size=&#8221;initial&#8221; background_position=&#8221;top_left&#8221; background_repeat=&#8221;repeat&#8221; custom_padding=&#8221;27px|0px|0px|0px&#8221; global_colors_info=&#8221;{}&#8221;][et_pb_column type=&#8221;2_3&#8243; _builder_version=&#8221;4.16&#8243; custom_padding=&#8221;|||&#8221; global_colors_info=&#8221;{}&#8221; custom_padding__hover=&#8221;|||&#8221;][et_pb_text admin_label=&#8221;Title&#8221; _builder_version=&#8221;4.27.4&#8243; text_font=&#8221;||||||||&#8221; text_text_color=&#8221;#747d88&#8243; text_font_size=&#8221;16px&#8221; text_line_height=&#8221;1.9em&#8221; header_font=&#8221;Akshar||||||||&#8221; header_text_align=&#8221;left&#8221; header_2_font=&#8221;Akshar|700||on|||||&#8221; header_2_font_size=&#8221;42px&#8221; header_2_line_height=&#8221;1.3em&#8221; background_color=&#8221;#f7f7f7&#8243; background_size=&#8221;initial&#8221; background_position=&#8221;top_left&#8221; background_repeat=&#8221;repeat&#8221; max_width=&#8221;700px&#8221; module_alignment=&#8221;left&#8221; custom_margin=&#8221;|||&#8221; custom_padding=&#8221;10%|10%|10%|10%&#8221; animation_style=&#8221;slide&#8221; animation_direction=&#8221;bottom&#8221; animation_intensity_slide=&#8221;4%&#8221; animation_starting_opacity=&#8221;100%&#8221; hover_enabled=&#8221;0&#8243; box_shadow_style=&#8221;preset1&#8243; box_shadow_vertical=&#8221;15px&#8221; box_shadow_blur=&#8221;45px&#8221; box_shadow_color=&#8221;rgba(0,0,0,0.15)&#8221; locked=&#8221;off&#8221; global_colors_info=&#8221;{}&#8221; sticky_enabled=&#8221;0&#8243;]<\/p>\n<h2>In convenzione con il Conservatorio &#8220;L.Cherubini&#8221; di Firenze<\/h2>\n<p align=\"justify\">A partire dall&#8217;anno accademico 21-22 la scoiet\u00e0 Organizzazione EUR organizzer\u00e0 corsi in varie discipline musicali, sia in modalit\u00e0 DAD, sia in presenza presso il Music Box sito in Rosignano Marittimo, via della Costituzione n.6. Detti corsi seguiranno i programmi di studio del conservatorio di Firenze, la quale istituzione \u00e8 con noi convenzionata.<\/p>\n<p align=\"justify\">La convenzione prevede altres\u00ec che lo studente riceva a titolo gratuito, per determinate materie principali, lezioni dagli stessi insegnanti del conservatorio di Firenze, nonch\u00e8 avere accesso a tutte le attivit\u00e0 collettive (coro, orchestra, gruppi cameristici, ecc.).<br \/><a href=\"http:\/\/www.eur-org.it\/Convenzione%20Conservatorio%20%20CHERUBINI%20-%20Org.%20EUR%20(Music%20Box)%20(1).PDF\" target=\"_blank\" rel=\"noopener\">Vedi convenzione triennale del 09\/03\/2021<\/a><\/p>\n<p align=\"justify\">Non si esclude la possibilit\u00e0 di far usufruire questa opportunit\u00e0 anche a studenti che seguono lezioni private o presso altre scuole.<\/p>\n<p>[\/et_pb_text][\/et_pb_column][et_pb_column type=&#8221;1_3&#8243; _builder_version=&#8221;4.16&#8243; custom_padding=&#8221;|||&#8221; global_colors_info=&#8221;{}&#8221; custom_padding__hover=&#8221;|||&#8221;][\/et_pb_column][\/et_pb_row][\/et_pb_section]<\/p>\n","protected":false},"excerpt":{"rendered":"<p>\u00a0corsi propedeuticiIn convenzione con il Conservatorio &#8220;L.Cherubini&#8221; di Firenze A partire dall&#8217;anno accademico 21-22 la scoiet\u00e0 Organizzazione EUR organizzer\u00e0 corsi in varie discipline musicali, sia in modalit\u00e0 DAD, sia in presenza presso il Music Box sito in Rosignano Marittimo, via della Costituzione n.6. Detti corsi seguiranno i programmi di studio del conservatorio di Firenze, la [&hellip;]<\/p>\n","protected":false},"author":1,"featured_media":0,"parent":0,"menu_order":0,"comment_status":"closed","ping_status":"closed","template":"","meta":{"_et_pb_use_builder":"on","_et_pb_old_content":"","_et_gb_content_width":""},"_links":{"self":[{"href":"https:\/\/www.eur-org.it\/index.php?rest_route=\/wp\/v2\/pages\/102"}],"collection":[{"href":"https:\/\/www.eur-org.it\/index.php?rest_route=\/wp\/v2\/pages"}],"about":[{"href":"https:\/\/www.eur-org.it\/index.php?rest_route=\/wp\/v2\/types\/page"}],"author":[{"embeddable":true,"href":"https:\/\/www.eur-org.it\/index.php?rest_route=\/wp\/v2\/users\/1"}],"replies":[{"embeddable":true,"href":"https:\/\/www.eur-org.it\/index.php?rest_route=%2Fwp%2Fv2%2Fcomments&post=102"}],"version-history":[{"count":5,"href":"https:\/\/www.eur-org.it\/index.php?rest_route=\/wp\/v2\/pages\/102\/revisions"}],"predecessor-version":[{"id":529,"href":"https:\/\/www.eur-org.it\/index.php?rest_route=\/wp\/v2\/pages\/102\/revisions\/529"}],"wp:attachment":[{"href":"https:\/\/www.eur-org.it\/index.php?rest_route=%2Fwp%2Fv2%2Fmedia&parent=102"}],"curies":[{"name":"wp","href":"https:\/\/api.w.org\/{rel}","templated":true}]}}